5) - -4
1
Evaluate -1 - (2 + 4 + -2).
-5
Evaluate -9 + 0 + (12 - (8 - -2)).
-7
What is -3 - (-9 - -5) - (3 + -2)?
0
What is the value of 0 + -2 - (18 + -12)?
-8
4 + 0 - ((-9 - -6) + 2)
5
What is 1 - ((-3 - -3) + -1 + 1)?
1
What is (2 - -1) + 2 + -2?
3
What is -2 - ((4 - 1) + -1)?
-4
What is the value of 2 + 5 - 18 - -9?
-2
What is the value of -20 + 14 + 5 + (-2 - -1)?
-2
1 + -1 + -1 + 6 + 0
5
Evaluate 29 - 35 - (1 + -3).
-4
Evaluate -10 - (-4 - -2 - 3).
-5
What is the value of -1 + 4 - (0 - (2 + -1))?
4
What is the value of -1 + -2 - (6 + -7 + -4)?
2
Evaluate 6 - (3 - -2) - (1 - 4).
4
What is 19 + (-22 - -9) - -2?
8
Evaluate 0 + -3 + 1 + (7 - 1).
4
What is the value of 1 + (-5 - (0 - 5))?
1
Evaluate 6 - (2 + (3 + -8 - -5)).
4
What is (6 + -2 - (4 + 1)) + 2?
1
What is 4 + -5 + 2 + -3 + -1?
-3
Evaluate 4 - ((-5 - -3) + -3 + 4).
5
Calculate 4 + (-17 - (-7 - -9 - 4)).
-11
8 + -17 + (4 - 1)
-6
22 - 7 - 6 - 15
-6
What is the value of (13 - 10) + -7 + (1 - -3)?
0
What is the value of (4 - 2) + (-6 - (0 + -4))?
0
Evaluate 1 + (-5 + 8 - (-2 + 5)).
1
Evaluate -7 - (-10 + (8 - 7)).
2
What is the value of (1 - -2 - (-3 - -6)) + -3?
-3
Evaluate 3 - ((-7 - -15) + -3).
-2
Calculate 3 + (-5 - -1) - 1.
-2
Calculate 1 + -1 - (2 + 12 - 10).
-4
Evaluate -5 + -1 - (5 + -9).
-2
-3 + 6 + -11 + 13
5
Evaluate -34 + 8 + 12 - -5.
-9
Calculate (1 - 7) + (4 - 0) + -2.
-4
Calculate (-11 + 6 - -5) + (4 - -1).
5
What is the value of (2 - 2) + (4 - 1) + -4?
-1
5 + (4 - 3) + -4
2
What is 7 - 6 - (4 - (-1 - -2))?
-2
Evaluate (2 - 2) + (23 - 18).
5
What is the value of -3 + (2 - (-7 + 1 - 2))?
7
What is -6 - (8 - 18) - 11?
-7
4 + -4 - 0 - (-8 + 2)
6
Calculate -4 + (-4 - (3 + -15)) + 0.
4
Calculate 1 - -1 - (-10 - -13) - 5.
-6
What is -80 - -75 - (2 + 0)?
-7
Calculate (6 - 15) + (5 - 1).
-5
Calculate (1 - (6 - (-8 - -16))) + -1.
2
What is (-11 - -2) + 6 + 5?
2
What is the value of 0 + -2 + (6 - -3) + -4?
3
What is (2 - (3 - (-2 + 3))) + -8?
-8
What is the value of 6 + -4 + (-1 - 7)?
-6
What is the value of -11 - (-13 - -6) - (0 - 1)?
-3
Evaluate -3 + 0 - (48 - 46).
-5
Evaluate (-10 - (-1 - 5)) + 0 + 2.
-2
-1 + 1 + 2 - 6
-4
(3 - (3 + (3 - 1))) + 4
2
3 + 5 + -4 - 1
3
What is the value of -11 + -5 + (16 - 2)?
-2
Calculate (-2 - 0) + 2 - (4 + -1).
-3
What is -1 - -6 - 2 - 2?
1
What is the value of (4 - (-3 - -8)) + -1?
-2
Evaluate -14 - (-4 - 7) - -2.
-1
What is (4 - (2 + -8) - 4) + -4?
2
What is (-6 - -9) + -3 + -2 + 8?
6
Evaluate 2 + (0 - -2) - -1 - 0.
5
-10 + (-1 - -7) + (-1 - 0)
-5
(-2 - 2) + 3 + 5 + -1
3
6 + (-12 - -4) + (3 - -3)
4
What is the value of -7 + 7 - ((3 - 0) + 0)?
-3
What is the value of -3 + 3 + 0 + -2 + 0?
-2
Calculate 2 + (-5 - -3) + 3 - 2.
1
What is the value of 3 - (-3 + 1 + 8 - -1)?
-4
Calculate 1 + -6 + (-12 - (-19 + -5)).
7
What is the value of 0 - (4 + (4 - (3 + -1)))?
-6
What is the value of -6 - (-2 + 6 + -1 + -5)?
-4
Evaluate 8 - 14 - (-1 + 4 + -7).
-2
Calculate (4 - (4 - 1)) + 2 + 0.
3
What is -9 - (-2 + -4) - 3?
-6
4 + 1 + -2 + 6 + -9
0
What is -3 + -5 + 5 + 3?
0
Calculate -7 - (-7 + 3 + 1) - -7.
3
Calculate -5 + 0 + -9 + 7 - -2.
-5
Evaluate (-3 - (-2 + (-4 - -3))) + -1.
-1
Calculate (-2 + 8 - (0 - -9)) + 8.
5
(5 - 0) + (-12 - -22) + -20
-5
1 - ((5 - 0) + -3)
-1
What is the value of 0 - -14 - 8 - 2?
4
Calculate -3 + 2 - -2 - 5.
-4
What is (-10 - -4) + 9 - 10?
-7
What is the value of -1 + (-5 - (-1 + -3))?
-2
Calculate 1 + (-2 - (0 - -2)) + 0.
-3
Evaluate (76 - 83) + (1 - -1) + 4.
-1
Calculate -1 + (-5 + 5 - -3 - -8).
10
Evaluate -1 - (-4 + 7 - 5) - -3.
4
What is 1 - -7 - (0 + 4)?
4
Calculate 6 - (2 - (-7 - -3)).
0
Calculate 6 - 5 - (-6 + 5).
2
What is the value of (2 + -7 - (-6 + 2)) + 4?
3
Calculate -5 + -4 + (7 - 1) - -7.
4
Evaluate -9 + 5 - -9 - 6.
-1
What is -8 - ((0 - 2) + -1) - -1?
-4
Calculate (3 + (1 - 1) - 4) + -3.
-4
Calculate (0 - (-3 + 6)) + 2.
-1
-2 - -2 - (3 + 0 + 1)
-4
Evaluate 7 - -1 - (-9 + 19).
-2
What is the value of 0 + (-1 - 3) - (6 - 8)?
-2
What is the value of -1 + -7 + -2 + (2 - -3)?
-5
Evaluate (1 - 3 - 0) + 10.
8
What is the value of 27 + -23 + -2 + 4 + -8?
-2
What is (0 - 7) + (-6 - -20)?
7
Evaluate -2 - (-4 + 6 + -5).
1
What is the value of -4 + (-8 - -15) + -9?
-6
Calculate -2 - (0 - 2 - (4 - 6)).
-2
What is the value of -21 + 26 - (1 + 10)?
-6
-31 + 31 - (4 - -1)
-5
What is the value of -1 - (0 - (-1 - -5))?
3
What is (-8 - -1) + 1 - -1?
-5
Evaluate 4 - 3 - (4 + (-4 - 3)).
4
Evaluate 1 + 1 - ((-1 - -25) + -14).
-8
Calculate 1 - (5 - 6 - -4).
-2
2 - (5 + -6 + -1 + 8)
-4
What is -4 + (3 - 1) - -4?
2
What is the value of 0 + (-1 - -2) + -3 + -3?
-5
Evaluate -4 + (2 - (4 - 2)).
-4
Evaluate (-2 - -3 - 2) + -24 + 23.
-2
Evaluate (-5 - -1) + -2 - (-3 + -10).
7
Calculate 0 - -2 - (-4 + 1) - 3.
2
Evaluate -6 + (9 - (0 - -4)).
-1
2 - (-2 + 0 - -3 - -2)
-1
What is 1 + 0 + (-21 - (-16 + -2))?
-2
What is -10 - (-19 + 10 + -8)?
7
Calculate (-2 - 7 - -4) + -1.
-6
(0 - -5) + -1 + -1 - 0
3
What is the value of 1 + 5 + -8 + -2 + 2?
-2
Evaluate 7 + (4 - 5) + -8.
-2
Calculate (-7 - 2) + (1 - (2 - 7)).
-3
What is the value of 12 + 2 - (5 + 16)?
-7
25 + -24 + 2 + -1 + -1
1
Evaluate 7 + (-16 - -11 - (-1 + 1)).
2
Evaluate 5 + -1 + (7 - 13).
-2
Calculate (-7 - (-14 - 0)) + (0 - -1).
8
Evaluate -5 + 5 + (2 - -2).
4
What is 14 - 18 - (-4 + 1)?
-1
Calculate 8 + (8 - (3 - -12)).
1
What is 2 - 2 - (-2 + 2)?
0
12 + 7 - 10 - (-1 + 5)
5
-6 + 3 + 4 - (0 - -6)
-5
Calculate -2 + -1 - (-1 - (16 - 11)).
3
What is the value of 1 + -2 + -1 + (3 - 6)?
-5
6 - (4 - -9) - (-1 + -3)
-3
Evaluate (62 - 57) + (2 + -4 - -1).
4
Calculate (-6 - -13) + (-2 - -3).
8
(-86 - -88) + 1 + 1
4
What is the value of 2 + (8 - (-2 + 10))?
2
-5 + 0 - (2 - 0) - -4
-3
What is -6 + (0 - 3 - -13) + -4?
0
Calculate -10 + 13 - 14 - -7.
-4
What is the value of -6 - (5 - 8) - (3 - 1)?
-5
Calculate -8 + ((-15 - -6) + 2 - -10).
-5
What is -9 - -2 - (-16 + 15)?
-6
(-10 - -3) + -7 + 9
-5
Evaluate 0 - (-4 + (-3 - (0 - 2))).
5
Calculate -3 - -4 - (6 + -11 + 5).
1
Evaluate 3 - (13 + -7) - (1 - 2).
-2
What is the value of -1 + 2 + 3 + -50 + 40?
-6
Calculate 6 + 7 + -30 + 4 + 4.
-9
What is the value of 2 - (-4 - (3 + -6 + 3))?
6
What is (-3 - (0 + 0)) + 6?
3
What is the value of 0 + (-2 - -1) - 1?
-2
Evaluate 20 + -21 - (4 + 1 - 13).
7
Calculate -7 - (8 + -12 + -9).
6
0 + 11 + (-23 - (-17 - 2))
7
-4 + 5 + (-1 - (-3 + 9))
-6
Calculate -3 + -2 + -3 + 4.
-4
What is the value of -3 + 6 + -13 + 6?
-4
Evaluate (-2 + -6 - -21) + -7.
6
Evaluate 3 - 1 - 0 - (-1 - 0).
3
Calculate (-1 - 4) + 9 - (-15 - -10).
9
What is the value of -7 + (-12 - -6) + 5 + 4?
-4
Calculate 0 - (-6 - (2 + -5)).
3
Calculate -72 + 84 + (-8 - -1) + 2.
7
Evaluate 0 + (1 + -1 - (3 + -1)).
-2
What is the value of 1 + (-1 - -1 - -2) + -7?
-4
What is 6 - (-5 + (-6 - -27))?
-10
Evaluate 4 - (5 - (-13 + 6 + 13)).
5
What is the value of -1 + 9 + -13 + 9?
4
(-10 - -13) + -2 + 0 + 0
1
What is -2 + (2 - (-3 + 4 - -1))?
-2
Calculate -7 - (5 - 10) - (-1 + -7).
6
Evaluate 7 - ((7 - 4) + 2).
2
Evaluate 2 + (3 - 7) + -2.
-4
What is -5 + (12 - 5) + (1 - 5)?
-2
Calculate -9 - 0 - -2 - (-4 - -2).
-5
What is 5 - (0 - (-3 - 0 - 3))?
-1
Calculate 1 - 7 - (6 + -2 + -18).
8
Evaluate -3 - -2 - (-23 - -26).
-4
What is -11 - -14 - (-2 - -6)?
-1
Calculate 1 + (-1 + -6 - -6).
0
Calculate 0 + 6 - 2 - 6.
-2
What is (-12 - -6 - -7) + 3 + -3?
1
Evaluate 12 + -5 + -3 + -7.
-3
Calculate (-1 - 4) + 4 + 0 - -3.
2
2 + -4 + (1 - 0 - -2)
1
What is 7 - (7 + -5) - 3?
2
Evaluate 1 - (0 + (-2 - 1 - 0)).
4
Evaluate 1 + (-6 - -9) + -8.
-4
What is (20 - 31) + (-2 - -2)?
-11
Calculate 2 + (1 - (4 + (-3 - -2))).
0
What is the value of 0 + -5 + (-23 - -29)?
1
What is -6 + (-1 - -4) - -5?
2
3 + -4 + 11 - 10
0
What is the value of (-6 - -11) + (-10 - -2)?
-3
Evaluate 12 - (-11 + (8 - -19)).
-4
Calculate 4 + (-2 - 7) + 2 + -1.
-4
-15 + (-28 + 33 - (1 - 4))
-7
Calculate 5 + 3 + -4 + 2 - 0.
6
What is 1 + 1 + 0 - 6?
-4
7 + 3 + -7 + 1
4
Evaluate -5 + 5 + -1 - -5.
4
45 + -34 + -2 + 1 + -7
3
Calculate (-5 - -4 - (-1 - 5)) + -1.
4
What is -2 + (-2 - -2) + 4?
2
(-1 - -2 - 6) + 6
1
What is 2 + (16 - (11 - 1))?
8
15 + -12 + 1 + -8 + 3
-1
1 - -1 - (206 - 201)
-3
24 + -15 - ((2 - -2) + 0)
5
-5 - (4 - (4 + -1))
-6
Calculate (1 - -3) + (0 - 5).
-1
What is 3 - 1 - (-8 - (5 + -6))?
9
Calculate -2 + (-